[INFO] fetching crate requiem-http 1.0.1-r1...
[INFO] checking requiem-http-1.0.1-r1 against try#72f88fc4e9458f89516a0b8b0868f3718aec5b47 for pr-74989
[INFO] extracting crate requiem-http 1.0.1-r1 into /workspace/builds/worker-6/source
[INFO] validating manifest of crates.io crate requiem-http 1.0.1-r1 on toolchain 72f88fc4e9458f89516a0b8b0868f3718aec5b47
[INFO] running `Command { std: "/workspace/cargo-home/bin/cargo" "+72f88fc4e9458f89516a0b8b0868f3718aec5b47" "read-manifest" "--manifest-path" "Cargo.toml", kill_on_drop: false }`
[INFO] started tweaking crates.io crate requiem-http 1.0.1-r1
[INFO] finished tweaking crates.io crate requiem-http 1.0.1-r1
[INFO] tweaked toml for crates.io crate requiem-http 1.0.1-r1 written to /workspace/builds/worker-6/source/Cargo.toml
[INFO] crate crates.io crate requiem-http 1.0.1-r1 already has a lockfile, it will not be regenerated
[INFO] running `Command { std: "/workspace/cargo-home/bin/cargo" "+72f88fc4e9458f89516a0b8b0868f3718aec5b47" "fetch" "--locked" "--manifest-path" "Cargo.toml", kill_on_drop: false }`
[INFO] running `Command { std: "docker" "create" "-v" "/var/lib/crater-agent-workspace/builds/worker-6/target:/opt/rustwide/target:rw,Z" "-v" "/var/lib/crater-agent-workspace/builds/worker-6/source:/opt/rustwide/workdir:ro,Z" "-v" "/var/lib/crater-agent-workspace/cargo-home:/opt/rustwide/cargo-home:ro,Z" "-v" "/var/lib/crater-agent-workspace/rustup-home:/opt/rustwide/rustup-home:ro,Z" "-e" "SOURCE_DIR=/opt/rustwide/workdir" "-e" "CARGO_TARGET_DIR=/opt/rustwide/target" "-e" "CARGO_HOME=/opt/rustwide/cargo-home" "-e" "RUSTUP_HOME=/opt/rustwide/rustup-home" "-w" "/opt/rustwide/workdir" "-m" "1610612736" "--user" "0:0" "--network" "none" "rustops/crates-build-env@sha256:d92eaeed33fa75130ca1ee6c8a01d1ffb62bac859dfdfb3450e3e5d1c0146529" "/opt/rustwide/cargo-home/bin/cargo" "+72f88fc4e9458f89516a0b8b0868f3718aec5b47" "metadata" "--no-deps" "--format-version=1", kill_on_drop: false }`
[INFO] [stderr] WARNING: Your kernel does not support swap limit capabilities or the cgroup is not mounted. Memory limited without swap.
[INFO] [stdout] c5b37aee31a4901147e462d0c3d3b7af480f0fcf213213179ebb2a075d107106
[INFO] running `Command { std: "docker" "start" "-a" "c5b37aee31a4901147e462d0c3d3b7af480f0fcf213213179ebb2a075d107106", kill_on_drop: false }`
[INFO] running `Command { std: "docker" "inspect" "c5b37aee31a4901147e462d0c3d3b7af480f0fcf213213179ebb2a075d107106", kill_on_drop: false }`
[INFO] running `Command { std: "docker" "rm" "-f" "c5b37aee31a4901147e462d0c3d3b7af480f0fcf213213179ebb2a075d107106", kill_on_drop: false }`
[INFO] [stdout] c5b37aee31a4901147e462d0c3d3b7af480f0fcf213213179ebb2a075d107106
[INFO] running `Command { std: "docker" "create" "-v" "/var/lib/crater-agent-workspace/builds/worker-6/target:/opt/rustwide/target:rw,Z" "-v" "/var/lib/crater-agent-workspace/builds/worker-6/source:/opt/rustwide/workdir:ro,Z" "-v" "/var/lib/crater-agent-workspace/cargo-home:/opt/rustwide/cargo-home:ro,Z" "-v" "/var/lib/crater-agent-workspace/rustup-home:/opt/rustwide/rustup-home:ro,Z" "-e" "SOURCE_DIR=/opt/rustwide/workdir" "-e" "CARGO_TARGET_DIR=/opt/rustwide/target" "-e" "CARGO_INCREMENTAL=0" "-e" "RUST_BACKTRACE=full" "-e" "RUSTFLAGS=--cap-lints=forbid" "-e" "CARGO_HOME=/opt/rustwide/cargo-home" "-e" "RUSTUP_HOME=/opt/rustwide/rustup-home" "-w" "/opt/rustwide/workdir" "-m" "1610612736" "--user" "0:0" "--network" "none" "rustops/crates-build-env@sha256:d92eaeed33fa75130ca1ee6c8a01d1ffb62bac859dfdfb3450e3e5d1c0146529" "/opt/rustwide/cargo-home/bin/cargo" "+72f88fc4e9458f89516a0b8b0868f3718aec5b47" "check" "--frozen" "--all" "--all-targets" "--message-format=json", kill_on_drop: false }`
[INFO] [stdout] abe024ee10e7e4288f0a2686fe541a848902878d52536bc53841e6a2475644c7
[INFO] [stderr] WARNING: Your kernel does not support swap limit capabilities or the cgroup is not mounted. Memory limited without swap.
[INFO] running `Command { std: "docker" "start" "-a" "abe024ee10e7e4288f0a2686fe541a848902878d52536bc53841e6a2475644c7", kill_on_drop: false }`
[INFO] [stderr]    Compiling unicode-xid v0.2.0
[INFO] [stderr]    Compiling syn v1.0.13
[INFO] [stderr]    Compiling cc v1.0.50
[INFO] [stderr]     Checking futures-core v0.3.1
[INFO] [stderr]     Checking futures-sink v0.3.1
[INFO] [stderr]    Compiling proc-macro-nested v0.1.3
[INFO] [stderr]     Checking smallvec v1.1.0
[INFO] [stderr]     Checking arc-swap v0.4.4
[INFO] [stderr]     Checking bytes v0.5.3
[INFO] [stderr]     Checking fnv v1.0.6
[INFO] [stderr]     Checking futures-task v0.3.1
[INFO] [stderr]     Checking futures-io v0.3.1
[INFO] [stderr]     Checking pin-utils v0.1.0-alpha.4
[INFO] [stderr]     Checking pin-project-lite v0.1.2
[INFO] [stderr]    Compiling autocfg v1.0.0
[INFO] [stderr]    Compiling getrandom v0.1.14
[INFO] [stderr]    Compiling pkg-config v0.3.17
[INFO] [stderr]     Checking ppv-lite86 v0.2.6
[INFO] [stderr]    Compiling typenum v1.11.2
[INFO] [stderr]    Compiling failure_derive v0.1.6
[INFO] [stderr]     Checking foreign-types-shared v0.1.1
[INFO] [stderr]     Checking copyless v0.1.4
[INFO] [stderr]     Checking itoa v0.4.4
[INFO] [stderr]    Compiling serde v1.0.104
[INFO] [stderr]     Checking either v1.5.3
[INFO] [stderr]     Checking untrusted v0.7.0
[INFO] [stderr]     Checking linked-hash-map v0.5.2
[INFO] [stderr]    Compiling ryu v1.0.2
[INFO] [stderr]    Compiling encoding_rs v0.8.22
[INFO] [stderr]     Checking dtoa v0.4.4
[INFO] [stderr]     Checking termcolor v1.1.0
[INFO] [stderr]     Checking lock_api v0.3.3
[INFO] [stderr]     Checking futures-channel v0.3.1
[INFO] [stderr]     Checking humantime v1.3.0
[INFO] [stderr]     Checking foreign-types v0.3.2
[INFO] [stderr]     Checking unicode-normalization v0.1.11
[INFO] [stderr]     Checking http v0.2.0
[INFO] [stderr]     Checking lru-cache v0.1.2
[INFO] [stderr]    Compiling proc-macro2 v1.0.8
[INFO] [stderr]     Checking log v0.4.8
[INFO] [stderr]     Checking iovec v0.1.4
[INFO] [stderr]     Checking net2 v0.2.33
[INFO] [stderr]     Checking signal-hook-registry v1.2.0
[INFO] [stderr]     Checking num_cpus v1.12.0
[INFO] [stderr]     Checking parking_lot_core v0.7.0
[INFO] [stderr]     Checking hostname v0.1.5
[INFO] [stderr]     Checking socket2 v0.3.11
[INFO] [stderr]     Checking atty v0.2.14
[INFO] [stderr]    Compiling num-traits v0.2.11
[INFO] [stderr]    Compiling num-integer v0.1.42
[INFO] [stderr]    Compiling indexmap v1.3.1
[INFO] [stderr]     Checking base64 v0.10.1
[INFO] [stderr]     Checking fxhash v0.2.1
[INFO] [stderr]     Checking c2-chacha v0.2.3
[INFO] [stderr]     Checking threadpool v1.7.1
[INFO] [stderr]     Checking resolv-conf v0.6.2
[INFO] [stderr]     Checking rand_core v0.5.1
[INFO] [stderr]     Checking regex v1.3.3
[INFO] [stderr]     Checking mio v0.6.21
[INFO] [stderr]     Checking parking_lot v0.10.0
[INFO] [stderr]     Checking rand_chacha v0.2.1
[INFO] [stderr]    Compiling quote v1.0.2
[INFO] [stderr]     Checking rand v0.7.3
[INFO] [stderr]     Checking idna v0.2.0
[INFO] [stderr]    Compiling backtrace-sys v0.1.32
[INFO] [stderr]    Compiling openssl-sys v0.9.53
[INFO] [stderr]    Compiling ring v0.16.9
[INFO] [stderr]     Checking generic-array v0.12.3
[INFO] [stderr]     Checking mio-uds v0.6.7
[INFO] [stderr]     Checking tokio v0.2.9
[INFO] [stderr]     Checking url v2.1.1
[INFO] [stderr]     Checking block-buffer v0.7.3
[INFO] [stderr]     Checking digest v0.8.1
[INFO] [stderr]     Checking env_logger v0.6.2
[INFO] [stderr]     Checking chrono v0.4.10
[INFO] [stderr]     Checking sha-1 v0.8.2
[INFO] [stderr]     Checking backtrace v0.3.42
[INFO] [stderr]    Compiling openssl v0.10.26
[INFO] [stderr]     Checking serde_json v1.0.44
[INFO] [stderr]     Checking serde_urlencoded v0.6.1
[INFO] [stderr]     Checking tokio-util v0.2.0
[INFO] [stderr]     Checking requiem-codec v0.2.0
[INFO] [stderr]     Checking webpki v0.21.0
[INFO] [stderr]     Checking sct v0.6.0
[INFO] [stderr]     Checking rustls v0.16.0
[INFO] [stderr]     Checking tokio-openssl v0.4.0
[INFO] [stderr]    Compiling synstructure v0.12.3
[INFO] [stderr]    Compiling proc-macro-hack v0.5.11
[INFO] [stderr]    Compiling pin-project-internal v0.4.6
[INFO] [stderr]    Compiling derive_more v0.99.2
[INFO] [stderr]    Compiling requiem-macros v0.1.1
[INFO] [stderr]    Compiling enum-as-inner v0.3.0
[INFO] [stderr]    Compiling async-trait v0.1.22
[INFO] [stderr]    Compiling serde_derive v1.0.104
[INFO] [stderr]     Checking failure v0.1.6
[INFO] [stderr]    Compiling futures-macro v0.3.1
[INFO] [stderr]     Checking pin-project v0.4.6
[INFO] [stderr]     Checking futures-util v0.3.1
[INFO] [stderr]     Checking requiem-threadpool v0.3.1
[INFO] [stderr]     Checking futures-executor v0.3.1
[INFO] [stderr]     Checking requiem-service v1.0.5
[INFO] [stderr]     Checking h2 v0.2.1
[INFO] [stderr]     Checking futures v0.3.1
[INFO] [stderr]     Checking requiem-rt v1.0.0
[INFO] [stderr]     Checking trust-dns-proto v0.18.0-alpha.2
[INFO] [stderr]     Checking requiem-utils v1.0.6
[INFO] [stderr]     Checking requiem-server v1.0.1
[INFO] [stderr]     Checking requiem-tls v1.0.0
[INFO] [stderr]     Checking trust-dns-resolver v0.18.0-alpha.2
[INFO] [stderr]     Checking requiem-connect v1.0.2
[INFO] [stderr]     Checking requiem-http v1.0.1-r1 (/opt/rustwide/workdir)
[INFO] [stdout] error[E0433]: failed to resolve: use of undeclared type or module `actix_rt`
[INFO] [stdout]    --> src/body.rs:458:5
[INFO] [stdout]     |
[INFO] [stdout] 458 |     #[requiem_rt::test]
[INFO] [stdout]     |     ^^^^^^^^^^^^^^^^^^^ not found in `actix_rt`
[INFO] [stdout]     |
[INFO] [stdout]     = note: this error originates in an attribute macro (in Nightly builds, run with -Z macro-backtrace for more info)
[INFO] [stdout] help: consider importing one of these items
[INFO] [stdout]     |
[INFO] [stdout] 437 |     use crate::config::future::future::remote_handle::thread::thread::env::sys::alloc::System;
[INFO] [stdout]     |
[INFO] [stdout] 437 |     use requiem_rt::System;
[INFO] [stdout]     |
[INFO] [stdout] 437 |     use std::alloc::System;
[INFO] [stdout]     |
[INFO] [stdout] 
[INFO] [stdout] 
[INFO] [stdout] error[E0433]: failed to resolve: use of undeclared type or module `actix_rt`
[INFO] [stdout]    --> src/body.rs:471:5
[INFO] [stdout]     |
[INFO] [stdout] 471 |     #[requiem_rt::test]
[INFO] [stdout]     |     ^^^^^^^^^^^^^^^^^^^ not found in `actix_rt`
[INFO] [stdout]     |
[INFO] [stdout]     = note: this error originates in an attribute macro (in Nightly builds, run with -Z macro-backtrace for more info)
[INFO] [stdout] help: consider importing one of these items
[INFO] [stdout]     |
[INFO] [stdout] 437 |     use crate::config::future::future::remote_handle::thread::thread::env::sys::alloc::System;
[INFO] [stdout]     |
[INFO] [stdout] 437 |     use requiem_rt::System;
[INFO] [stdout]     |
[INFO] [stdout] 437 |     use std::alloc::System;
[INFO] [stdout]     |
[INFO] [stdout] 
[INFO] [stdout] 
[INFO] [stdout] error[E0433]: failed to resolve: use of undeclared type or module `actix_rt`
[INFO] [stdout]    --> src/body.rs:491:5
[INFO] [stdout]     |
[INFO] [stdout] 491 |     #[requiem_rt::test]
[INFO] [stdout]     |     ^^^^^^^^^^^^^^^^^^^ not found in `actix_rt`
[INFO] [stdout]     |
[INFO] [stdout]     = note: this error originates in an attribute macro (in Nightly builds, run with -Z macro-backtrace for more info)
[INFO] [stdout] help: consider importing one of these items
[INFO] [stdout]     |
[INFO] [stdout] 437 |     use crate::config::future::future::remote_handle::thread::thread::env::sys::alloc::System;
[INFO] [stdout]     |
[INFO] [stdout] 437 |     use requiem_rt::System;
[INFO] [stdout]     |
[INFO] [stdout] 437 |     use std::alloc::System;
[INFO] [stdout]     |
[INFO] [stdout] 
[INFO] [stdout] 
[INFO] [stdout] error[E0433]: failed to resolve: use of undeclared type or module `actix_rt`
[INFO] [stdout]    --> src/body.rs:506:5
[INFO] [stdout]     |
[INFO] [stdout] 506 |     #[requiem_rt::test]
[INFO] [stdout]     |     ^^^^^^^^^^^^^^^^^^^ not found in `actix_rt`
[INFO] [stdout]     |
[INFO] [stdout]     = note: this error originates in an attribute macro (in Nightly builds, run with -Z macro-backtrace for more info)
[INFO] [stdout] help: consider importing one of these items
[INFO] [stdout]     |
[INFO] [stdout] 437 |     use crate::config::future::future::remote_handle::thread::thread::env::sys::alloc::System;
[INFO] [stdout]     |
[INFO] [stdout] 437 |     use requiem_rt::System;
[INFO] [stdout]     |
[INFO] [stdout] 437 |     use std::alloc::System;
[INFO] [stdout]     |
[INFO] [stdout] 
[INFO] [stdout] 
[INFO] [stdout] error[E0433]: failed to resolve: use of undeclared type or module `actix_rt`
[INFO] [stdout]    --> src/body.rs:519:5
[INFO] [stdout]     |
[INFO] [stdout] 519 |     #[requiem_rt::test]
[INFO] [stdout]     |     ^^^^^^^^^^^^^^^^^^^ not found in `actix_rt`
[INFO] [stdout]     |
[INFO] [stdout]     = note: this error originates in an attribute macro (in Nightly builds, run with -Z macro-backtrace for more info)
[INFO] [stdout] help: consider importing one of these items
[INFO] [stdout]     |
[INFO] [stdout] 437 |     use crate::config::future::future::remote_handle::thread::thread::env::sys::alloc::System;
[INFO] [stdout]     |
[INFO] [stdout] 437 |     use requiem_rt::System;
[INFO] [stdout]     |
[INFO] [stdout] 437 |     use std::alloc::System;
[INFO] [stdout]     |
[INFO] [stdout] 
[INFO] [stdout] 
[INFO] [stdout] error[E0433]: failed to resolve: use of undeclared type or module `actix_rt`
[INFO] [stdout]    --> src/body.rs:532:5
[INFO] [stdout]     |
[INFO] [stdout] 532 |     #[requiem_rt::test]
[INFO] [stdout]     |     ^^^^^^^^^^^^^^^^^^^ not found in `actix_rt`
[INFO] [stdout]     |
[INFO] [stdout]     = note: this error originates in an attribute macro (in Nightly builds, run with -Z macro-backtrace for more info)
[INFO] [stdout] help: consider importing one of these items
[INFO] [stdout]     |
[INFO] [stdout] 437 |     use crate::config::future::future::remote_handle::thread::thread::env::sys::alloc::System;
[INFO] [stdout]     |
[INFO] [stdout] 437 |     use requiem_rt::System;
[INFO] [stdout]     |
[INFO] [stdout] 437 |     use std::alloc::System;
[INFO] [stdout]     |
[INFO] [stdout] 
[INFO] [stdout] 
[INFO] [stdout] error[E0433]: failed to resolve: use of undeclared type or module `actix_rt`
[INFO] [stdout]    --> src/body.rs:547:5
[INFO] [stdout]     |
[INFO] [stdout] 547 |     #[requiem_rt::test]
[INFO] [stdout]     |     ^^^^^^^^^^^^^^^^^^^ not found in `actix_rt`
[INFO] [stdout]     |
[INFO] [stdout]     = note: this error originates in an attribute macro (in Nightly builds, run with -Z macro-backtrace for more info)
[INFO] [stdout] help: consider importing one of these items
[INFO] [stdout]     |
[INFO] [stdout] 437 |     use crate::config::future::future::remote_handle::thread::thread::env::sys::alloc::System;
[INFO] [stdout]     |
[INFO] [stdout] 437 |     use requiem_rt::System;
[INFO] [stdout]     |
[INFO] [stdout] 437 |     use std::alloc::System;
[INFO] [stdout]     |
[INFO] [stdout] 
[INFO] [stdout] 
[INFO] [stdout] error[E0433]: failed to resolve: use of undeclared type or module `actix_rt`
[INFO] [stdout]    --> src/body.rs:553:5
[INFO] [stdout]     |
[INFO] [stdout] 553 |     #[requiem_rt::test]
[INFO] [stdout]     |     ^^^^^^^^^^^^^^^^^^^ not found in `actix_rt`
[INFO] [stdout]     |
[INFO] [stdout]     = note: this error originates in an attribute macro (in Nightly builds, run with -Z macro-backtrace for more info)
[INFO] [stdout] help: consider importing one of these items
[INFO] [stdout]     |
[INFO] [stdout] 437 |     use crate::config::future::future::remote_handle::thread::thread::env::sys::alloc::System;
[INFO] [stdout]     |
[INFO] [stdout] 437 |     use requiem_rt::System;
[INFO] [stdout]     |
[INFO] [stdout] 437 |     use std::alloc::System;
[INFO] [stdout]     |
[INFO] [stdout] 
[INFO] [stdout] 
[INFO] [stdout] error[E0433]: failed to resolve: use of undeclared type or module `actix_rt`
[INFO] [stdout]    --> src/body.rs:560:5
[INFO] [stdout]     |
[INFO] [stdout] 560 |     #[requiem_rt::test]
[INFO] [stdout]     |     ^^^^^^^^^^^^^^^^^^^ not found in `actix_rt`
[INFO] [stdout]     |
[INFO] [stdout]     = note: this error originates in an attribute macro (in Nightly builds, run with -Z macro-backtrace for more info)
[INFO] [stdout] help: consider importing one of these items
[INFO] [stdout]     |
[INFO] [stdout] 437 |     use crate::config::future::future::remote_handle::thread::thread::env::sys::alloc::System;
[INFO] [stdout]     |
[INFO] [stdout] 437 |     use requiem_rt::System;
[INFO] [stdout]     |
[INFO] [stdout] 437 |     use std::alloc::System;
[INFO] [stdout]     |
[INFO] [stdout] 
[INFO] [stdout] 
[INFO] [stdout] error[E0433]: failed to resolve: use of undeclared type or module `actix_rt`
[INFO] [stdout]    --> src/body.rs:573:5
[INFO] [stdout]     |
[INFO] [stdout] 573 |     #[requiem_rt::test]
[INFO] [stdout]     |     ^^^^^^^^^^^^^^^^^^^ not found in `actix_rt`
[INFO] [stdout]     |
[INFO] [stdout]     = note: this error originates in an attribute macro (in Nightly builds, run with -Z macro-backtrace for more info)
[INFO] [stdout] help: consider importing one of these items
[INFO] [stdout]     |
[INFO] [stdout] 437 |     use crate::config::future::future::remote_handle::thread::thread::env::sys::alloc::System;
[INFO] [stdout]     |
[INFO] [stdout] 437 |     use requiem_rt::System;
[INFO] [stdout]     |
[INFO] [stdout] 437 |     use std::alloc::System;
[INFO] [stdout]     |
[INFO] [stdout] 
[INFO] [stdout] 
[INFO] [stdout] error[E0433]: failed to resolve: use of undeclared type or module `actix_rt`
[INFO] [stdout]    --> src/body.rs:580:5
[INFO] [stdout]     |
[INFO] [stdout] 580 |     #[requiem_rt::test]
[INFO] [stdout]     |     ^^^^^^^^^^^^^^^^^^^ not found in `actix_rt`
[INFO] [stdout]     |
[INFO] [stdout]     = note: this error originates in an attribute macro (in Nightly builds, run with -Z macro-backtrace for more info)
[INFO] [stdout] help: consider importing one of these items
[INFO] [stdout]     |
[INFO] [stdout] 437 |     use crate::config::future::future::remote_handle::thread::thread::env::sys::alloc::System;
[INFO] [stdout]     |
[INFO] [stdout] 437 |     use requiem_rt::System;
[INFO] [stdout]     |
[INFO] [stdout] 437 |     use std::alloc::System;
[INFO] [stdout]     |
[INFO] [stdout] 
[INFO] [stdout] 
[INFO] [stdout] error[E0433]: failed to resolve: use of undeclared type or module `actix_rt`
[INFO] [stdout]    --> src/config.rs:290:5
[INFO] [stdout]     |
[INFO] [stdout] 290 |     #[requiem_rt::test]
[INFO] [stdout]     |     ^^^^^^^^^^^^^^^^^^^ not found in `actix_rt`
[INFO] [stdout]     |
[INFO] [stdout]     = note: this error originates in an attribute macro (in Nightly builds, run with -Z macro-backtrace for more info)
[INFO] [stdout] help: consider importing one of these items
[INFO] [stdout]     |
[INFO] [stdout] 283 |     use crate::config::future::future::remote_handle::thread::thread::env::sys::alloc::System;
[INFO] [stdout]     |
[INFO] [stdout] 283 |     use requiem_rt::System;
[INFO] [stdout]     |
[INFO] [stdout] 283 |     use std::alloc::System;
[INFO] [stdout]     |
[INFO] [stdout] 
[INFO] [stdout] 
[INFO] [stdout] error[E0433]: failed to resolve: use of undeclared type or module `actix_rt`
[INFO] [stdout]    --> src/h1/dispatcher.rs:900:5
[INFO] [stdout]     |
[INFO] [stdout] 900 |     #[requiem_rt::test]
[INFO] [stdout]     |     ^^^^^^^^^^^^^^^^^^^ not found in `actix_rt`
[INFO] [stdout]     |
[INFO] [stdout]     = note: this error originates in an attribute macro (in Nightly builds, run with -Z macro-backtrace for more info)
[INFO] [stdout] help: consider importing one of these items
[INFO] [stdout]     |
[INFO] [stdout] 892 |     use crate::config::future::future::remote_handle::thread::thread::env::sys::alloc::System;
[INFO] [stdout]     |
[INFO] [stdout] 892 |     use requiem_rt::System;
[INFO] [stdout]     |
[INFO] [stdout] 892 |     use std::alloc::System;
[INFO] [stdout]     |
[INFO] [stdout] 
[INFO] [stdout] 
[INFO] [stdout] error[E0433]: failed to resolve: use of undeclared type or module `actix_rt`
[INFO] [stdout]    --> src/h1/payload.rs:231:5
[INFO] [stdout]     |
[INFO] [stdout] 231 |     #[requiem_rt::test]
[INFO] [stdout]     |     ^^^^^^^^^^^^^^^^^^^ not found in `actix_rt`
[INFO] [stdout]     |
[INFO] [stdout]     = note: this error originates in an attribute macro (in Nightly builds, run with -Z macro-backtrace for more info)
[INFO] [stdout] help: consider importing one of these items
[INFO] [stdout]     |
[INFO] [stdout] 228 |     use crate::config::future::future::remote_handle::thread::thread::env::sys::alloc::System;
[INFO] [stdout]     |
[INFO] [stdout] 228 |     use requiem_rt::System;
[INFO] [stdout]     |
[INFO] [stdout] 228 |     use std::alloc::System;
[INFO] [stdout]     |
[INFO] [stdout] 
[INFO] [stdout] 
[INFO] [stdout] error: unused doc comment
[INFO] [stdout]   --> src/header/common/accept_charset.rs:66:9
[INFO] [stdout]    |
[INFO] [stdout] 66 |         /// Test case from RFC
[INFO] [stdout]    |         ^^^^^^^^^^^^^^^^^^^^^^ rustdoc does not generate documentation for macro invocations
[INFO] [stdout]    |
[INFO] [stdout] note: the lint level is defined here
[INFO] [stdout]   --> src/lib.rs:2:27
[INFO] [stdout]    |
[INFO] [stdout] 2  | #![deny(rust_2018_idioms, warnings)]
[INFO] [stdout]    |                           ^^^^^^^^
[INFO] [stdout]    = note: `#[deny(unused_doc_comments)]` implied by `#[deny(warnings)]`
[INFO] [stdout]    = help: to document an item produced by a macro, the macro must produce the documentation as part of its expansion
[INFO] [stdout] 
[INFO] [stdout] 
[INFO] [stdout] error[E0432]: unresolved import `requiem_http_test`
[INFO] [stdout]  --> tests/test_client.rs:6:5
[INFO] [stdout]   |
[INFO] [stdout] 6 | use requiem_http_test::test_server;
[INFO] [stdout]   |     ^^^^^^^^^^^^^^^^^ use of undeclared type or module `requiem_http_test`
[INFO] [stdout] 
[INFO] [stdout] 
[INFO] [stdout] error[E0432]: unresolved import `requiem_http_test`
[INFO] [stdout]  --> tests/test_ws.rs:8:5
[INFO] [stdout]   |
[INFO] [stdout] 8 | use requiem_http_test::test_server;
[INFO] [stdout]   |     ^^^^^^^^^^^^^^^^^ use of undeclared type or module `requiem_http_test`
[INFO] [stdout] 
[INFO] [stdout] 
[INFO] [stdout] error[E0433]: failed to resolve: use of undeclared type or module `actix_rt`
[INFO] [stdout]  --> examples/hello-world.rs:9:1
[INFO] [stdout]   |
[INFO] [stdout] 9 | #[requiem_rt::main]
[INFO] [stdout]   | ^^^^^^^^^^^^^^^^^^^ not found in `actix_rt`
[INFO] [stdout]   |
[INFO] [stdout]   = note: this error originates in an attribute macro (in Nightly builds, run with -Z macro-backtrace for more info)
[INFO] [stdout] help: consider importing one of these items
[INFO] [stdout]   |
[INFO] [stdout] 1 | use crate::io::sys::alloc::System;
[INFO] [stdout]   |
[INFO] [stdout] 1 | use requiem_rt::System;
[INFO] [stdout]   |
[INFO] [stdout] 1 | use std::alloc::System;
[INFO] [stdout]   |
[INFO] [stdout] 
[INFO] [stdout] 
[INFO] [stdout] error[E0433]: failed to resolve: use of undeclared type or module `actix_rt`
[INFO] [stdout]   --> examples/echo2.rs:22:1
[INFO] [stdout]    |
[INFO] [stdout] 22 | #[requiem_rt::main]
[INFO] [stdout]    | ^^^^^^^^^^^^^^^^^^^ not found in `actix_rt`
[INFO] [stdout]    |
[INFO] [stdout]    = note: this error originates in an attribute macro (in Nightly builds, run with -Z macro-backtrace for more info)
[INFO] [stdout] help: consider importing one of these items
[INFO] [stdout]    |
[INFO] [stdout] 1  | use crate::io::sys::alloc::System;
[INFO] [stdout]    |
[INFO] [stdout] 1  | use requiem_rt::System;
[INFO] [stdout]    |
[INFO] [stdout] 1  | use std::alloc::System;
[INFO] [stdout]    |
[INFO] [stdout] 
[INFO] [stdout] 
[INFO] [stdout] error: aborting due to previous error
[INFO] [stdout] 
[INFO] [stdout] 
[INFO] [stdout] For more information about this error, try `rustc --explain E0433`.
[INFO] [stdout] 
[INFO] [stderr] error: could not compile `requiem-http`.
[INFO] [stderr] 
[INFO] [stderr] To learn more, run the command again with --verbose.
[INFO] [stderr] warning: build failed, waiting for other jobs to finish...
[INFO] [stdout] error[E0433]: failed to resolve: use of undeclared type or module `actix_rt`
[INFO] [stdout]   --> tests/test_ws.rs:84:1
[INFO] [stdout]    |
[INFO] [stdout] 84 | #[requiem_rt::test]
[INFO] [stdout]    | ^^^^^^^^^^^^^^^^^^^ not found in `actix_rt`
[INFO] [stdout]    |
[INFO] [stdout]    = note: this error originates in an attribute macro (in Nightly builds, run with -Z macro-backtrace for more info)
[INFO] [stdout] help: consider importing one of these items
[INFO] [stdout]    |
[INFO] [stdout] 1  | use crate::ws::io::sys::alloc::System;
[INFO] [stdout]    |
[INFO] [stdout] 1  | use requiem_rt::System;
[INFO] [stdout]    |
[INFO] [stdout] 1  | use std::alloc::System;
[INFO] [stdout]    |
[INFO] [stdout] 
[INFO] [stdout] 
[INFO] [stdout] error[E0433]: failed to resolve: use of undeclared type or module `actix_rt`
[INFO] [stdout]   --> tests/test_client.rs:30:1
[INFO] [stdout]    |
[INFO] [stdout] 30 | #[requiem_rt::test]
[INFO] [stdout]    | ^^^^^^^^^^^^^^^^^^^ not found in `actix_rt`
[INFO] [stdout]    |
[INFO] [stdout]    = note: this error originates in an attribute macro (in Nightly builds, run with -Z macro-backtrace for more info)
[INFO] [stdout] help: consider importing one of these items
[INFO] [stdout]    |
[INFO] [stdout] 1  | use requiem_rt::System;
[INFO] [stdout]    |
[INFO] [stdout] 1  | use std::alloc::System;
[INFO] [stdout]    |
[INFO] [stdout] 
[INFO] [stdout] 
[INFO] [stdout] error[E0433]: failed to resolve: use of undeclared type or module `actix_rt`
[INFO] [stdout]   --> tests/test_client.rs:57:1
[INFO] [stdout]    |
[INFO] [stdout] 57 | #[requiem_rt::test]
[INFO] [stdout]    | ^^^^^^^^^^^^^^^^^^^ not found in `actix_rt`
[INFO] [stdout]    |
[INFO] [stdout]    = note: this error originates in an attribute macro (in Nightly builds, run with -Z macro-backtrace for more info)
[INFO] [stdout] help: consider importing one of these items
[INFO] [stdout]    |
[INFO] [stdout] 1  | use requiem_rt::System;
[INFO] [stdout]    |
[INFO] [stdout] 1  | use std::alloc::System;
[INFO] [stdout]    |
[INFO] [stdout] 
[INFO] [stdout] 
[INFO] [stdout] error[E0433]: failed to resolve: use of undeclared type or module `actix_rt`
[INFO] [stdout]   --> tests/test_client.rs:70:1
[INFO] [stdout]    |
[INFO] [stdout] 70 | #[requiem_rt::test]
[INFO] [stdout]    | ^^^^^^^^^^^^^^^^^^^ not found in `actix_rt`
[INFO] [stdout]    |
[INFO] [stdout]    = note: this error originates in an attribute macro (in Nightly builds, run with -Z macro-backtrace for more info)
[INFO] [stdout] help: consider importing one of these items
[INFO] [stdout]    |
[INFO] [stdout] 1  | use requiem_rt::System;
[INFO] [stdout]    |
[INFO] [stdout] 1  | use std::alloc::System;
[INFO] [stdout]    |
[INFO] [stdout] 
[INFO] [stdout] 
[INFO] [stdout] error[E0433]: failed to resolve: use of undeclared type or module `actix_rt`
[INFO] [stdout]   --> examples/echo.rs:10:1
[INFO] [stdout]    |
[INFO] [stdout] 10 | #[requiem_rt::main]
[INFO] [stdout]    | ^^^^^^^^^^^^^^^^^^^ not found in `actix_rt`
[INFO] [stdout]    |
[INFO] [stdout]    = note: this error originates in an attribute macro (in Nightly builds, run with -Z macro-backtrace for more info)
[INFO] [stdout] help: consider importing one of these items
[INFO] [stdout]    |
[INFO] [stdout] 1  | use crate::io::sys::alloc::System;
[INFO] [stdout]    |
[INFO] [stdout] 1  | use requiem_rt::System;
[INFO] [stdout]    |
[INFO] [stdout] 1  | use std::alloc::System;
[INFO] [stdout]    |
[INFO] [stdout] 
[INFO] [stdout] 
[INFO] [stdout] error: aborting due to previous error
[INFO] [stdout] 
[INFO] [stdout] 
[INFO] [stdout] For more information about this error, try `rustc --explain E0433`.
[INFO] [stdout] 
[INFO] [stdout] error: aborting due to previous error
[INFO] [stdout] 
[INFO] [stdout] 
[INFO] [stdout] For more information about this error, try `rustc --explain E0433`.
[INFO] [stdout] 
[INFO] [stdout] error[E0432]: unresolved import `requiem_http_test`
[INFO] [stdout]  --> tests/test_server.rs:5:5
[INFO] [stdout]   |
[INFO] [stdout] 5 | use requiem_http_test::test_server;
[INFO] [stdout]   |     ^^^^^^^^^^^^^^^^^ use of undeclared type or module `requiem_http_test`
[INFO] [stdout] 
[INFO] [stdout] 
[INFO] [stdout] warning: unused import: `StreamExt`
[INFO] [stdout]   --> tests/test_ws.rs:14:32
[INFO] [stdout]    |
[INFO] [stdout] 14 | use futures::{Future, SinkExt, StreamExt};
[INFO] [stdout]    |                                ^^^^^^^^^
[INFO] [stdout]    |
[INFO] [stdout]    = note: `#[warn(unused_imports)]` on by default
[INFO] [stdout] 
[INFO] [stdout] 
[INFO] [stdout] error: aborting due to 2 previous errors; 1 warning emitted
[INFO] [stdout] 
[INFO] [stdout] 
[INFO] [stdout] Some errors have detailed explanations: E0432, E0433.
[INFO] [stdout] 
[INFO] [stdout] For more information about an error, try `rustc --explain E0432`.
[INFO] [stdout] 
[INFO] [stdout] error: aborting due to 4 previous errors
[INFO] [stdout] 
[INFO] [stdout] 
[INFO] [stdout] Some errors have detailed explanations: E0432, E0433.
[INFO] [stdout] 
[INFO] [stdout] For more information about an error, try `rustc --explain E0432`.
[INFO] [stdout] 
[INFO] [stdout] error[E0433]: failed to resolve: use of undeclared type or module `actix_rt`
[INFO] [stdout]   --> tests/test_server.rs:18:1
[INFO] [stdout]    |
[INFO] [stdout] 18 | #[requiem_rt::test]
[INFO] [stdout]    | ^^^^^^^^^^^^^^^^^^^ not found in `actix_rt`
[INFO] [stdout]    |
[INFO] [stdout]    = note: this error originates in an attribute macro (in Nightly builds, run with -Z macro-backtrace for more info)
[INFO] [stdout] help: consider importing one of these items
[INFO] [stdout]    |
[INFO] [stdout] 1  | use crate::error::io::sys::alloc::System;
[INFO] [stdout]    |
[INFO] [stdout] 1  | use requiem_rt::System;
[INFO] [stdout]    |
[INFO] [stdout] 1  | use std::alloc::System;
[INFO] [stdout]    |
[INFO] [stdout] 
[INFO] [stdout] 
[INFO] [stdout] error[E0433]: failed to resolve: use of undeclared type or module `actix_rt`
[INFO] [stdout]   --> tests/test_server.rs:36:1
[INFO] [stdout]    |
[INFO] [stdout] 36 | #[requiem_rt::test]
[INFO] [stdout]    | ^^^^^^^^^^^^^^^^^^^ not found in `actix_rt`
[INFO] [stdout]    |
[INFO] [stdout]    = note: this error originates in an attribute macro (in Nightly builds, run with -Z macro-backtrace for more info)
[INFO] [stdout] help: consider importing one of these items
[INFO] [stdout]    |
[INFO] [stdout] 1  | use crate::error::io::sys::alloc::System;
[INFO] [stdout]    |
[INFO] [stdout] 1  | use requiem_rt::System;
[INFO] [stdout]    |
[INFO] [stdout] 1  | use std::alloc::System;
[INFO] [stdout]    |
[INFO] [stdout] 
[INFO] [stdout] 
[INFO] [stdout] error[E0433]: failed to resolve: use of undeclared type or module `actix_rt`
[INFO] [stdout]   --> tests/test_server.rs:55:1
[INFO] [stdout]    |
[INFO] [stdout] 55 | #[requiem_rt::test]
[INFO] [stdout]    | ^^^^^^^^^^^^^^^^^^^ not found in `actix_rt`
[INFO] [stdout]    |
[INFO] [stdout]    = note: this error originates in an attribute macro (in Nightly builds, run with -Z macro-backtrace for more info)
[INFO] [stdout] help: consider importing one of these items
[INFO] [stdout]    |
[INFO] [stdout] 1  | use crate::error::io::sys::alloc::System;
[INFO] [stdout]    |
[INFO] [stdout] 1  | use requiem_rt::System;
[INFO] [stdout]    |
[INFO] [stdout] 1  | use std::alloc::System;
[INFO] [stdout]    |
[INFO] [stdout] 
[INFO] [stdout] 
[INFO] [stdout] error[E0433]: failed to resolve: use of undeclared type or module `actix_rt`
[INFO] [stdout]   --> tests/test_server.rs:83:1
[INFO] [stdout]    |
[INFO] [stdout] 83 | #[requiem_rt::test]
[INFO] [stdout]    | ^^^^^^^^^^^^^^^^^^^ not found in `actix_rt`
[INFO] [stdout]    |
[INFO] [stdout]    = note: this error originates in an attribute macro (in Nightly builds, run with -Z macro-backtrace for more info)
[INFO] [stdout] help: consider importing one of these items
[INFO] [stdout]    |
[INFO] [stdout] 1  | use crate::error::io::sys::alloc::System;
[INFO] [stdout]    |
[INFO] [stdout] 1  | use requiem_rt::System;
[INFO] [stdout]    |
[INFO] [stdout] 1  | use std::alloc::System;
[INFO] [stdout]    |
[INFO] [stdout] 
[INFO] [stdout] 
[INFO] [stdout] error[E0433]: failed to resolve: use of undeclared type or module `actix_rt`
[INFO] [stdout]    --> tests/test_server.rs:113:1
[INFO] [stdout]     |
[INFO] [stdout] 113 | #[requiem_rt::test]
[INFO] [stdout]     | ^^^^^^^^^^^^^^^^^^^ not found in `actix_rt`
[INFO] [stdout]     |
[INFO] [stdout]     = note: this error originates in an attribute macro (in Nightly builds, run with -Z macro-backtrace for more info)
[INFO] [stdout] help: consider importing one of these items
[INFO] [stdout]     |
[INFO] [stdout] 1   | use crate::error::io::sys::alloc::System;
[INFO] [stdout]     |
[INFO] [stdout] 1   | use requiem_rt::System;
[INFO] [stdout]     |
[INFO] [stdout] 1   | use std::alloc::System;
[INFO] [stdout]     |
[INFO] [stdout] 
[INFO] [stdout] 
[INFO] [stdout] error[E0433]: failed to resolve: use of undeclared type or module `actix_rt`
[INFO] [stdout]    --> tests/test_server.rs:168:1
[INFO] [stdout]     |
[INFO] [stdout] 168 | #[requiem_rt::test]
[INFO] [stdout]     | ^^^^^^^^^^^^^^^^^^^ not found in `actix_rt`
[INFO] [stdout]     |
[INFO] [stdout]     = note: this error originates in an attribute macro (in Nightly builds, run with -Z macro-backtrace for more info)
[INFO] [stdout] help: consider importing one of these items
[INFO] [stdout]     |
[INFO] [stdout] 1   | use crate::error::io::sys::alloc::System;
[INFO] [stdout]     |
[INFO] [stdout] 1   | use requiem_rt::System;
[INFO] [stdout]     |
[INFO] [stdout] 1   | use std::alloc::System;
[INFO] [stdout]     |
[INFO] [stdout] 
[INFO] [stdout] 
[INFO] [stdout] error[E0433]: failed to resolve: use of undeclared type or module `actix_rt`
[INFO] [stdout]    --> tests/test_server.rs:184:1
[INFO] [stdout]     |
[INFO] [stdout] 184 | #[requiem_rt::test]
[INFO] [stdout]     | ^^^^^^^^^^^^^^^^^^^ not found in `actix_rt`
[INFO] [stdout]     |
[INFO] [stdout]     = note: this error originates in an attribute macro (in Nightly builds, run with -Z macro-backtrace for more info)
[INFO] [stdout] help: consider importing one of these items
[INFO] [stdout]     |
[INFO] [stdout] 1   | use crate::error::io::sys::alloc::System;
[INFO] [stdout]     |
[INFO] [stdout] 1   | use requiem_rt::System;
[INFO] [stdout]     |
[INFO] [stdout] 1   | use std::alloc::System;
[INFO] [stdout]     |
[INFO] [stdout] 
[INFO] [stdout] 
[INFO] [stdout] error[E0433]: failed to resolve: use of undeclared type or module `actix_rt`
[INFO] [stdout]    --> tests/test_server.rs:199:1
[INFO] [stdout]     |
[INFO] [stdout] 199 | #[requiem_rt::test]
[INFO] [stdout]     | ^^^^^^^^^^^^^^^^^^^ not found in `actix_rt`
[INFO] [stdout]     |
[INFO] [stdout]     = note: this error originates in an attribute macro (in Nightly builds, run with -Z macro-backtrace for more info)
[INFO] [stdout] help: consider importing one of these items
[INFO] [stdout]     |
[INFO] [stdout] 1   | use crate::error::io::sys::alloc::System;
[INFO] [stdout]     |
[INFO] [stdout] 1   | use requiem_rt::System;
[INFO] [stdout]     |
[INFO] [stdout] 1   | use std::alloc::System;
[INFO] [stdout]     |
[INFO] [stdout] 
[INFO] [stdout] 
[INFO] [stdout] error[E0433]: failed to resolve: use of undeclared type or module `actix_rt`
[INFO] [stdout]    --> tests/test_server.rs:219:1
[INFO] [stdout]     |
[INFO] [stdout] 219 | #[requiem_rt::test]
[INFO] [stdout]     | ^^^^^^^^^^^^^^^^^^^ not found in `actix_rt`
[INFO] [stdout]     |
[INFO] [stdout]     = note: this error originates in an attribute macro (in Nightly builds, run with -Z macro-backtrace for more info)
[INFO] [stdout] help: consider importing one of these items
[INFO] [stdout]     |
[INFO] [stdout] 1   | use crate::error::io::sys::alloc::System;
[INFO] [stdout]     |
[INFO] [stdout] 1   | use requiem_rt::System;
[INFO] [stdout]     |
[INFO] [stdout] 1   | use std::alloc::System;
[INFO] [stdout]     |
[INFO] [stdout] 
[INFO] [stdout] 
[INFO] [stdout] error[E0433]: failed to resolve: use of undeclared type or module `actix_rt`
[INFO] [stdout]    --> tests/test_server.rs:240:1
[INFO] [stdout]     |
[INFO] [stdout] 240 | #[requiem_rt::test]
[INFO] [stdout]     | ^^^^^^^^^^^^^^^^^^^ not found in `actix_rt`
[INFO] [stdout]     |
[INFO] [stdout]     = note: this error originates in an attribute macro (in Nightly builds, run with -Z macro-backtrace for more info)
[INFO] [stdout] help: consider importing one of these items
[INFO] [stdout]     |
[INFO] [stdout] 1   | use crate::error::io::sys::alloc::System;
[INFO] [stdout]     |
[INFO] [stdout] 1   | use requiem_rt::System;
[INFO] [stdout]     |
[INFO] [stdout] 1   | use std::alloc::System;
[INFO] [stdout]     |
[INFO] [stdout] 
[INFO] [stdout] 
[INFO] [stdout] error[E0433]: failed to resolve: use of undeclared type or module `actix_rt`
[INFO] [stdout]    --> tests/test_server.rs:260:1
[INFO] [stdout]     |
[INFO] [stdout] 260 | #[requiem_rt::test]
[INFO] [stdout]     | ^^^^^^^^^^^^^^^^^^^ not found in `actix_rt`
[INFO] [stdout]     |
[INFO] [stdout]     = note: this error originates in an attribute macro (in Nightly builds, run with -Z macro-backtrace for more info)
[INFO] [stdout] help: consider importing one of these items
[INFO] [stdout]     |
[INFO] [stdout] 1   | use crate::error::io::sys::alloc::System;
[INFO] [stdout]     |
[INFO] [stdout] 1   | use requiem_rt::System;
[INFO] [stdout]     |
[INFO] [stdout] 1   | use std::alloc::System;
[INFO] [stdout]     |
[INFO] [stdout] 
[INFO] [stdout] 
[INFO] [stdout] error[E0433]: failed to resolve: use of undeclared type or module `actix_rt`
[INFO] [stdout]    --> tests/test_server.rs:279:1
[INFO] [stdout]     |
[INFO] [stdout] 279 | #[requiem_rt::test]
[INFO] [stdout]     | ^^^^^^^^^^^^^^^^^^^ not found in `actix_rt`
[INFO] [stdout]     |
[INFO] [stdout]     = note: this error originates in an attribute macro (in Nightly builds, run with -Z macro-backtrace for more info)
[INFO] [stdout] help: consider importing one of these items
[INFO] [stdout]     |
[INFO] [stdout] 1   | use crate::error::io::sys::alloc::System;
[INFO] [stdout]     |
[INFO] [stdout] 1   | use requiem_rt::System;
[INFO] [stdout]     |
[INFO] [stdout] 1   | use std::alloc::System;
[INFO] [stdout]     |
[INFO] [stdout] 
[INFO] [stdout] 
[INFO] [stdout] error[E0433]: failed to resolve: use of undeclared type or module `actix_rt`
[INFO] [stdout]    --> tests/test_server.rs:305:1
[INFO] [stdout]     |
[INFO] [stdout] 305 | #[requiem_rt::test]
[INFO] [stdout]     | ^^^^^^^^^^^^^^^^^^^ not found in `actix_rt`
[INFO] [stdout]     |
[INFO] [stdout]     = note: this error originates in an attribute macro (in Nightly builds, run with -Z macro-backtrace for more info)
[INFO] [stdout] help: consider importing one of these items
[INFO] [stdout]     |
[INFO] [stdout] 1   | use crate::error::io::sys::alloc::System;
[INFO] [stdout]     |
[INFO] [stdout] 1   | use requiem_rt::System;
[INFO] [stdout]     |
[INFO] [stdout] 1   | use std::alloc::System;
[INFO] [stdout]     |
[INFO] [stdout] 
[INFO] [stdout] 
[INFO] [stdout] error[E0433]: failed to resolve: use of undeclared type or module `actix_rt`
[INFO] [stdout]    --> tests/test_server.rs:325:1
[INFO] [stdout]     |
[INFO] [stdout] 325 | #[requiem_rt::test]
[INFO] [stdout]     | ^^^^^^^^^^^^^^^^^^^ not found in `actix_rt`
[INFO] [stdout]     |
[INFO] [stdout]     = note: this error originates in an attribute macro (in Nightly builds, run with -Z macro-backtrace for more info)
[INFO] [stdout] help: consider importing one of these items
[INFO] [stdout]     |
[INFO] [stdout] 1   | use crate::error::io::sys::alloc::System;
[INFO] [stdout]     |
[INFO] [stdout] 1   | use requiem_rt::System;
[INFO] [stdout]     |
[INFO] [stdout] 1   | use std::alloc::System;
[INFO] [stdout]     |
[INFO] [stdout] 
[INFO] [stdout] 
[INFO] [stdout] error[E0433]: failed to resolve: use of undeclared type or module `actix_rt`
[INFO] [stdout]    --> tests/test_server.rs:371:1
[INFO] [stdout]     |
[INFO] [stdout] 371 | #[requiem_rt::test]
[INFO] [stdout]     | ^^^^^^^^^^^^^^^^^^^ not found in `actix_rt`
[INFO] [stdout]     |
[INFO] [stdout]     = note: this error originates in an attribute macro (in Nightly builds, run with -Z macro-backtrace for more info)
[INFO] [stdout] help: consider importing one of these items
[INFO] [stdout]     |
[INFO] [stdout] 1   | use crate::error::io::sys::alloc::System;
[INFO] [stdout]     |
[INFO] [stdout] 1   | use requiem_rt::System;
[INFO] [stdout]     |
[INFO] [stdout] 1   | use std::alloc::System;
[INFO] [stdout]     |
[INFO] [stdout] 
[INFO] [stdout] 
[INFO] [stdout] error[E0433]: failed to resolve: use of undeclared type or module `actix_rt`
[INFO] [stdout]    --> tests/test_server.rs:432:1
[INFO] [stdout]     |
[INFO] [stdout] 432 | #[requiem_rt::test]
[INFO] [stdout]     | ^^^^^^^^^^^^^^^^^^^ not found in `actix_rt`
[INFO] [stdout]     |
[INFO] [stdout]     = note: this error originates in an attribute macro (in Nightly builds, run with -Z macro-backtrace for more info)
[INFO] [stdout] help: consider importing one of these items
[INFO] [stdout]     |
[INFO] [stdout] 1   | use crate::error::io::sys::alloc::System;
[INFO] [stdout]     |
[INFO] [stdout] 1   | use requiem_rt::System;
[INFO] [stdout]     |
[INFO] [stdout] 1   | use std::alloc::System;
[INFO] [stdout]     |
[INFO] [stdout] 
[INFO] [stdout] 
[INFO] [stdout] error[E0433]: failed to resolve: use of undeclared type or module `actix_rt`
[INFO] [stdout]    --> tests/test_server.rs:448:1
[INFO] [stdout]     |
[INFO] [stdout] 448 | #[requiem_rt::test]
[INFO] [stdout]     | ^^^^^^^^^^^^^^^^^^^ not found in `actix_rt`
[INFO] [stdout]     |
[INFO] [stdout]     = note: this error originates in an attribute macro (in Nightly builds, run with -Z macro-backtrace for more info)
[INFO] [stdout] help: consider importing one of these items
[INFO] [stdout]     |
[INFO] [stdout] 1   | use crate::error::io::sys::alloc::System;
[INFO] [stdout]     |
[INFO] [stdout] 1   | use requiem_rt::System;
[INFO] [stdout]     |
[INFO] [stdout] 1   | use std::alloc::System;
[INFO] [stdout]     |
[INFO] [stdout] 
[INFO] [stdout] 
[INFO] [stdout] error[E0433]: failed to resolve: use of undeclared type or module `actix_rt`
[INFO] [stdout]    --> tests/test_server.rs:472:1
[INFO] [stdout]     |
[INFO] [stdout] 472 | #[requiem_rt::test]
[INFO] [stdout]     | ^^^^^^^^^^^^^^^^^^^ not found in `actix_rt`
[INFO] [stdout]     |
[INFO] [stdout]     = note: this error originates in an attribute macro (in Nightly builds, run with -Z macro-backtrace for more info)
[INFO] [stdout] help: consider importing one of these items
[INFO] [stdout]     |
[INFO] [stdout] 1   | use crate::error::io::sys::alloc::System;
[INFO] [stdout]     |
[INFO] [stdout] 1   | use requiem_rt::System;
[INFO] [stdout]     |
[INFO] [stdout] 1   | use std::alloc::System;
[INFO] [stdout]     |
[INFO] [stdout] 
[INFO] [stdout] 
[INFO] [stdout] error[E0433]: failed to resolve: use of undeclared type or module `actix_rt`
[INFO] [stdout]    --> tests/test_server.rs:498:1
[INFO] [stdout]     |
[INFO] [stdout] 498 | #[requiem_rt::test]
[INFO] [stdout]     | ^^^^^^^^^^^^^^^^^^^ not found in `actix_rt`
[INFO] [stdout]     |
[INFO] [stdout]     = note: this error originates in an attribute macro (in Nightly builds, run with -Z macro-backtrace for more info)
[INFO] [stdout] help: consider importing one of these items
[INFO] [stdout]     |
[INFO] [stdout] 1   | use crate::error::io::sys::alloc::System;
[INFO] [stdout]     |
[INFO] [stdout] 1   | use requiem_rt::System;
[INFO] [stdout]     |
[INFO] [stdout] 1   | use std::alloc::System;
[INFO] [stdout]     |
[INFO] [stdout] 
[INFO] [stdout] 
[INFO] [stdout] error[E0433]: failed to resolve: use of undeclared type or module `actix_rt`
[INFO] [stdout]    --> tests/test_server.rs:518:1
[INFO] [stdout]     |
[INFO] [stdout] 518 | #[requiem_rt::test]
[INFO] [stdout]     | ^^^^^^^^^^^^^^^^^^^ not found in `actix_rt`
[INFO] [stdout]     |
[INFO] [stdout]     = note: this error originates in an attribute macro (in Nightly builds, run with -Z macro-backtrace for more info)
[INFO] [stdout] help: consider importing one of these items
[INFO] [stdout]     |
[INFO] [stdout] 1   | use crate::error::io::sys::alloc::System;
[INFO] [stdout]     |
[INFO] [stdout] 1   | use requiem_rt::System;
[INFO] [stdout]     |
[INFO] [stdout] 1   | use std::alloc::System;
[INFO] [stdout]     |
[INFO] [stdout] 
[INFO] [stdout] 
[INFO] [stdout] error[E0433]: failed to resolve: use of undeclared type or module `actix_rt`
[INFO] [stdout]    --> tests/test_server.rs:539:1
[INFO] [stdout]     |
[INFO] [stdout] 539 | #[requiem_rt::test]
[INFO] [stdout]     | ^^^^^^^^^^^^^^^^^^^ not found in `actix_rt`
[INFO] [stdout]     |
[INFO] [stdout]     = note: this error originates in an attribute macro (in Nightly builds, run with -Z macro-backtrace for more info)
[INFO] [stdout] help: consider importing one of these items
[INFO] [stdout]     |
[INFO] [stdout] 1   | use crate::error::io::sys::alloc::System;
[INFO] [stdout]     |
[INFO] [stdout] 1   | use requiem_rt::System;
[INFO] [stdout]     |
[INFO] [stdout] 1   | use std::alloc::System;
[INFO] [stdout]     |
[INFO] [stdout] 
[INFO] [stdout] 
[INFO] [stdout] error[E0433]: failed to resolve: use of undeclared type or module `actix_rt`
[INFO] [stdout]    --> tests/test_server.rs:573:1
[INFO] [stdout]     |
[INFO] [stdout] 573 | #[requiem_rt::test]
[INFO] [stdout]     | ^^^^^^^^^^^^^^^^^^^ not found in `actix_rt`
[INFO] [stdout]     |
[INFO] [stdout]     = note: this error originates in an attribute macro (in Nightly builds, run with -Z macro-backtrace for more info)
[INFO] [stdout] help: consider importing one of these items
[INFO] [stdout]     |
[INFO] [stdout] 1   | use crate::error::io::sys::alloc::System;
[INFO] [stdout]     |
[INFO] [stdout] 1   | use requiem_rt::System;
[INFO] [stdout]     |
[INFO] [stdout] 1   | use std::alloc::System;
[INFO] [stdout]     |
[INFO] [stdout] 
[INFO] [stdout] 
[INFO] [stdout] error[E0433]: failed to resolve: use of undeclared type or module `actix_rt`
[INFO] [stdout]    --> tests/test_server.rs:601:1
[INFO] [stdout]     |
[INFO] [stdout] 601 | #[requiem_rt::test]
[INFO] [stdout]     | ^^^^^^^^^^^^^^^^^^^ not found in `actix_rt`
[INFO] [stdout]     |
[INFO] [stdout]     = note: this error originates in an attribute macro (in Nightly builds, run with -Z macro-backtrace for more info)
[INFO] [stdout] help: consider importing one of these items
[INFO] [stdout]     |
[INFO] [stdout] 1   | use crate::error::io::sys::alloc::System;
[INFO] [stdout]     |
[INFO] [stdout] 1   | use requiem_rt::System;
[INFO] [stdout]     |
[INFO] [stdout] 1   | use std::alloc::System;
[INFO] [stdout]     |
[INFO] [stdout] 
[INFO] [stdout] 
[INFO] [stdout] error[E0433]: failed to resolve: use of undeclared type or module `actix_rt`
[INFO] [stdout]    --> tests/test_server.rs:624:1
[INFO] [stdout]     |
[INFO] [stdout] 624 | #[requiem_rt::test]
[INFO] [stdout]     | ^^^^^^^^^^^^^^^^^^^ not found in `actix_rt`
[INFO] [stdout]     |
[INFO] [stdout]     = note: this error originates in an attribute macro (in Nightly builds, run with -Z macro-backtrace for more info)
[INFO] [stdout] help: consider importing one of these items
[INFO] [stdout]     |
[INFO] [stdout] 1   | use crate::error::io::sys::alloc::System;
[INFO] [stdout]     |
[INFO] [stdout] 1   | use requiem_rt::System;
[INFO] [stdout]     |
[INFO] [stdout] 1   | use std::alloc::System;
[INFO] [stdout]     |
[INFO] [stdout] 
[INFO] [stdout] 
[INFO] [stdout] error[E0433]: failed to resolve: use of undeclared type or module `actix_rt`
[INFO] [stdout]    --> tests/test_server.rs:640:1
[INFO] [stdout]     |
[INFO] [stdout] 640 | #[requiem_rt::test]
[INFO] [stdout]     | ^^^^^^^^^^^^^^^^^^^ not found in `actix_rt`
[INFO] [stdout]     |
[INFO] [stdout]     = note: this error originates in an attribute macro (in Nightly builds, run with -Z macro-backtrace for more info)
[INFO] [stdout] help: consider importing one of these items
[INFO] [stdout]     |
[INFO] [stdout] 1   | use crate::error::io::sys::alloc::System;
[INFO] [stdout]     |
[INFO] [stdout] 1   | use requiem_rt::System;
[INFO] [stdout]     |
[INFO] [stdout] 1   | use std::alloc::System;
[INFO] [stdout]     |
[INFO] [stdout] 
[INFO] [stdout] 
[INFO] [stdout] error: aborting due to 15 previous errors
[INFO] [stdout] 
[INFO] [stdout] 
[INFO] [stdout] For more information about this error, try `rustc --explain E0433`.
[INFO] [stdout] 
[INFO] [stdout] error[E0698]: type inside `async` block must be known in this context
[INFO] [stdout]    --> tests/test_server.rs:353:18
[INFO] [stdout]     |
[INFO] [stdout] 353 |         for i in 0..4 {
[INFO] [stdout]     |                  ^ cannot infer type for type `{integer}`
[INFO] [stdout]     |
[INFO] [stdout] note: the type is part of the `async` block because of this `await`
[INFO] [stdout]    --> tests/test_server.rs:359:28
[INFO] [stdout]     |
[INFO] [stdout] 359 |             let response = req.send().await.unwrap();
[INFO] [stdout]     |                            ^^^^^^^^^^^^^^^^
[INFO] [stdout] 
[INFO] [stdout] 
[INFO] [stdout] error[E0698]: type inside `async` block must be known in this context
[INFO] [stdout]    --> tests/test_server.rs:353:21
[INFO] [stdout]     |
[INFO] [stdout] 353 |         for i in 0..4 {
[INFO] [stdout]     |                     ^ cannot infer type for type `{integer}`
[INFO] [stdout]     |
[INFO] [stdout] note: the type is part of the `async` block because of this `await`
[INFO] [stdout]    --> tests/test_server.rs:359:28
[INFO] [stdout]     |
[INFO] [stdout] 359 |             let response = req.send().await.unwrap();
[INFO] [stdout]     |                            ^^^^^^^^^^^^^^^^
[INFO] [stdout] 
[INFO] [stdout] 
[INFO] [stdout] error[E0698]: type inside `async` block must be known in this context
[INFO] [stdout]    --> tests/test_server.rs:353:18
[INFO] [stdout]     |
[INFO] [stdout] 353 |         for i in 0..4 {
[INFO] [stdout]     |                  ^^^^ cannot infer type for type `{integer}`
[INFO] [stdout]     |
[INFO] [stdout] note: the type is part of the `async` block because of this `await`
[INFO] [stdout]    --> tests/test_server.rs:359:28
[INFO] [stdout]     |
[INFO] [stdout] 359 |             let response = req.send().await.unwrap();
[INFO] [stdout]     |                            ^^^^^^^^^^^^^^^^
[INFO] [stdout] 
[INFO] [stdout] 
[INFO] [stdout] error[E0698]: type inside `async` block must be known in this context
[INFO] [stdout]    --> tests/test_server.rs:353:18
[INFO] [stdout]     |
[INFO] [stdout] 353 |         for i in 0..4 {
[INFO] [stdout]     |                  ^^^^ cannot infer type for type `{integer}`
[INFO] [stdout]     |
[INFO] [stdout] note: the type is part of the `async` block because of this `await`
[INFO] [stdout]    --> tests/test_server.rs:359:28
[INFO] [stdout]     |
[INFO] [stdout] 359 |             let response = req.send().await.unwrap();
[INFO] [stdout]     |                            ^^^^^^^^^^^^^^^^
[INFO] [stdout] 
[INFO] [stdout] 
[INFO] [stdout] error[E0698]: type inside `async` block must be known in this context
[INFO] [stdout]    --> tests/test_server.rs:353:13
[INFO] [stdout]     |
[INFO] [stdout] 353 |         for i in 0..4 {
[INFO] [stdout]     |             ^ cannot infer type for type `{integer}`
[INFO] [stdout]     |
[INFO] [stdout] note: the type is part of the `async` block because of this `await`
[INFO] [stdout]    --> tests/test_server.rs:359:28
[INFO] [stdout]     |
[INFO] [stdout] 359 |             let response = req.send().await.unwrap();
[INFO] [stdout]     |                            ^^^^^^^^^^^^^^^^
[INFO] [stdout] 
[INFO] [stdout] 
[INFO] [stdout] error[E0698]: type inside `async` block must be known in this context
[INFO] [stdout]    --> tests/test_server.rs:363:18
[INFO] [stdout]     |
[INFO] [stdout] 363 |         for i in 4..6 {
[INFO] [stdout]     |                  ^ cannot infer type for type `{integer}`
[INFO] [stdout]     |
[INFO] [stdout] note: the type is part of the `async` block because of this `await`
[INFO] [stdout]    --> tests/test_server.rs:365:28
[INFO] [stdout]     |
[INFO] [stdout] 365 |             let response = req.send().await.unwrap();
[INFO] [stdout]     |                            ^^^^^^^^^^^^^^^^
[INFO] [stdout] 
[INFO] [stdout] 
[INFO] [stdout] error[E0698]: type inside `async` block must be known in this context
[INFO] [stdout]    --> tests/test_server.rs:363:21
[INFO] [stdout]     |
[INFO] [stdout] 363 |         for i in 4..6 {
[INFO] [stdout]     |                     ^ cannot infer type for type `{integer}`
[INFO] [stdout]     |
[INFO] [stdout] note: the type is part of the `async` block because of this `await`
[INFO] [stdout]    --> tests/test_server.rs:365:28
[INFO] [stdout]     |
[INFO] [stdout] 365 |             let response = req.send().await.unwrap();
[INFO] [stdout]     |                            ^^^^^^^^^^^^^^^^
[INFO] [stdout] 
[INFO] [stdout] 
[INFO] [stdout] error[E0698]: type inside `async` block must be known in this context
[INFO] [stdout]    --> tests/test_server.rs:363:18
[INFO] [stdout]     |
[INFO] [stdout] 363 |         for i in 4..6 {
[INFO] [stdout]     |                  ^^^^ cannot infer type for type `{integer}`
[INFO] [stdout]     |
[INFO] [stdout] note: the type is part of the `async` block because of this `await`
[INFO] [stdout]    --> tests/test_server.rs:365:28
[INFO] [stdout]     |
[INFO] [stdout] 365 |             let response = req.send().await.unwrap();
[INFO] [stdout]     |                            ^^^^^^^^^^^^^^^^
[INFO] [stdout] 
[INFO] [stdout] 
[INFO] [stdout] error[E0698]: type inside `async` block must be known in this context
[INFO] [stdout]    --> tests/test_server.rs:363:18
[INFO] [stdout]     |
[INFO] [stdout] 363 |         for i in 4..6 {
[INFO] [stdout]     |                  ^^^^ cannot infer type for type `{integer}`
[INFO] [stdout]     |
[INFO] [stdout] note: the type is part of the `async` block because of this `await`
[INFO] [stdout]    --> tests/test_server.rs:365:28
[INFO] [stdout]     |
[INFO] [stdout] 365 |             let response = req.send().await.unwrap();
[INFO] [stdout]     |                            ^^^^^^^^^^^^^^^^
[INFO] [stdout] 
[INFO] [stdout] 
[INFO] [stdout] error[E0698]: type inside `async` block must be known in this context
[INFO] [stdout]    --> tests/test_server.rs:363:13
[INFO] [stdout]     |
[INFO] [stdout] 363 |         for i in 4..6 {
[INFO] [stdout]     |             ^ cannot infer type for type `{integer}`
[INFO] [stdout]     |
[INFO] [stdout] note: the type is part of the `async` block because of this `await`
[INFO] [stdout]    --> tests/test_server.rs:365:28
[INFO] [stdout]     |
[INFO] [stdout] 365 |             let response = req.send().await.unwrap();
[INFO] [stdout]     |                            ^^^^^^^^^^^^^^^^
[INFO] [stdout] 
[INFO] [stdout] 
[INFO] [stdout] error: aborting due to 36 previous errors
[INFO] [stdout] 
[INFO] [stdout] 
[INFO] [stdout] Some errors have detailed explanations: E0432, E0433, E0698.
[INFO] [stdout] 
[INFO] [stdout] For more information about an error, try `rustc --explain E0432`.
[INFO] [stdout] 
[INFO] [stderr] error: build failed
[INFO] running `Command { std: "docker" "inspect" "abe024ee10e7e4288f0a2686fe541a848902878d52536bc53841e6a2475644c7", kill_on_drop: false }`
[INFO] running `Command { std: "docker" "rm" "-f" "abe024ee10e7e4288f0a2686fe541a848902878d52536bc53841e6a2475644c7", kill_on_drop: false }`
[INFO] [stdout] abe024ee10e7e4288f0a2686fe541a848902878d52536bc53841e6a2475644c7
